hat is the tens digit of 1510?
1
What is the hundreds digit of 1085391?
3
What is the units digit of 235970?
0
What is the ten thousands digit of 80653?
8
What is the thousands digit of 240046?
0
What is the thousands digit of 417486?
7
What is the ten thousands digit of 1079009?
7
What is the tens digit of 2974638?
3
What is the hundreds digit of 752889?
8
What is the thousands digit of 1241501?
1
What is the tens digit of 524490?
9
What is the tens digit of 1028401?
0
What is the thousands digit of 31286?
1
What is the hundreds digit of 768879?
8
What is the thousands digit of 168865?
8
What is the hundred thousands digit of 3198255?
1
What is the hundred thousands digit of 3790275?
7
What is the thousands digit of 5900?
5
What is the thousands digit of 35753?
5
What is the hundred thousands digit of 11240725?
2
What is the hundred thousands digit of 5505118?
5
What is the thousands digit of 106809?
6
What is the units digit of 283285?
5
What is the hundreds digit of 12736859?
8
What is the hundreds digit of 174009?
0
What is the units digit of 6733308?
8
What is the thousands digit of 479492?
9
What is the ten thousands digit of 1167302?
6
What is the hundreds digit of 313903?
9
What is the hundreds digit of 982595?
5
What is the tens digit of 92972?
7
What is the ten thousands digit of 6336759?
3
What is the thousands digit of 395851?
5
What is the ten thousands digit of 443185?
4
What is the thousands digit of 12048856?
8
What is the ten thousands digit of 90404?
9
What is the tens digit of 459166?
6
What is the ten thousands digit of 2007797?
0
What is the units digit of 280629?
9
What is the ten thousands digit of 35074?
3
What is the hundreds digit of 2215124?
1
What is the tens digit of 304906?
0
What is the hundreds digit of 13910353?
3
What is the ten thousands digit of 7876958?
7
What is the hundreds digit of 8549?
5
What is the ten thousands digit of 4802991?
0
What is the hundreds digit of 18446932?
9
What is the ten millions digit of 18177885?
1
What is the units digit of 895986?
6
What is the ten thousands digit of 138415?
3
What is the hundred thousands digit of 1427115?
4
What is the units digit of 2019824?
4
What is the tens digit of 5788373?
7
What is the tens digit of 2175505?
0
What is the ten thousands digit of 381363?
8
What is the tens digit of 5405458?
5
What is the units digit of 211970?
0
What is the millions digit of 2543936?
2
What is the millions digit of 2157213?
2
What is the hundred thousands digit of 861649?
8
What is the ten thousands digit of 30943417?
4
What is the ten thousands digit of 2945273?
4
What is the millions digit of 25321276?
5
What is the thousands digit of 1568133?
8
What is the units digit of 17350?
0
What is the units digit of 696936?
6
What is the thousands digit of 99635?
9
What is the millions digit of 1740653?
1
What is the thousands digit of 4345357?
5
What is the thousands digit of 3981895?
1
What is the tens digit of 1395016?
1
What is the ten thousands digit of 313995?
1
What is the thousands digit of 3748892?
8
What is the tens digit of 4807139?
3
What is the thousands digit of 92118?
2
What is the ten thousands digit of 4094890?
9
What is the tens digit of 421599?
9
What is the ten thousands digit of 15791814?
9
What is the hundred thousands digit of 222924?
2
What is the hundreds digit of 594101?
1
What is the hundred thousands digit of 887389?
8
What is the units digit of 5302439?
9
What is the hundred thousands digit of 124132?
1
What is the millions digit of 7196179?
7
What is the ten thousands digit of 84398?
8
What is the hundreds digit of 182244?
2
What is the hundreds digit of 6602636?
6
What is the hundreds digit of 158132?
1
What is the ten thousands digit of 12940779?
4
What is the tens digit of 381455?
5
What is the hundred thousands digit of 523763?
5
What is the units digit of 9116099?
9
What is the millions digit of 2491123?
2
What is the units digit of 238034?
4
What is the millions digit of 10148861?
0
What is the units digit of 1254656?
6
What is the hundred thousands digit of 7468448?
4
What is the hundreds digit of 686937?
9
What is the thousands digit of 18174482?
4
What is the units digit of 21858289?
9
What is the tens digit of 108953?
5
What is the tens digit of 4335025?
2
What is the thousands digit of 2438700?
8
What is the ten thousands digit of 30927763?
2
What is the millions digit of 2090930?
2
What is the tens digit of 71238?
3
What is the units digit of 254524?
4
What is the hundreds digit of 1564462?
4
What is the hundreds digit of 155327?
3
What is the tens digit of 6179225?
2
What is the ten thousands digit of 16859839?
5
What is the hundred thousands digit of 507078?
5
What is the ten thousands digit of 816853?
1
What is the tens digit of 459365?
6
What is the hundreds digit of 905063?
0
What is the ten thousands digit of 241463?
4
What is the units digit of 180340?
0
What is the units digit of 4229209?
9
What is the hundred thousands digit of 5230511?
2
What is the tens digit of 14368212?
1
What is the thousands digit of 240818?
0
What is the ten thousands digit of 1295549?
9
What is the ten thousands digit of 1904455?
0
What is the millions digit of 30155629?
0
What is the thousands digit of 333366?
3
What is the millions digit of 2585564?
2
What is the ten thousands digit of 43132?
4
What is the units digit of 2407290?
0
What is the hundred thousands digit of 5869709?
8
What is the ten thousands digit of 730051?
3
What is the units digit of 854739?
9
What is the ten thousands digit of 15980853?
8
What is the units digit of 608435?
5
What is the hundred thousands digit of 376161?
3
What is the hundreds digit of 74126?
1
What is the hundreds digit of 1377045?
0
What is the tens digit of 671665?
6
What is the hundred thousands digit of 7583581?
5
What is the thousands digit of 92064?
2
What is the units digit of 8465?
5
What is the units digit of 163777?
7
What is the hundreds digit of 11559112?
1
What is the tens digit of 575549?
4
What is the units digit of 1176408?
8
What is the thousands digit of 1357013?
7
What is the hundreds digit of 106018?
0
What is the thousands digit of 1167525?
7
What is the millions digit of 10164839?
0
What is the thousands digit of 52156?
2
What is the hundred thousands digit of 161582?
1
What is the hundreds digit of 5105028?
0
What is the units digit of 826615?
5
What is the thousands digit of 828117?
8
What is the thousands digit of 635039?
5
What is the tens digit of 9197175?
7
What is the ten thousands digit of 1696017?
9
What is the hundred thousands digit of 2052917?
0
What is the tens digit of 1461772?
7
What is the hundred thousands digit of 23255125?
2
What is the units digit of 270238?
8
What is the hundred thousands digit of 7499613?
4
What is the millions digit of 9156070?
9
What is the thousands digit of 5601741?
1
What is the units digit of 2709401?
1
What is the hundreds digit of 169638?
6
What is the tens digit of 673990?
9
What is the units digit of 353143?
3
What is the thousands digit of 251919?
1
What is the hundreds digit of 312620?
6
What is the thousands digit of 50593?
0
What is the ten thousands digit of 999653?
9
What is the millions digit of 16197047?
6
What is the units digit of 280997?
7
What is the tens digit of 334850?
5
What is the ten thousands digit of 11217277?
1
What is the tens digit of 20704883?
8
What is the units digit of 214777?
7
What is the tens digit of 2964979?
7
What is the hundreds digit of 17962?
9
What is the tens digit of 734036?
3
What is the millions digit of 2065596?
2
What is the ten thousands digit of 105522?
0
What is the millions digit of 5775790?
5
What is the hundreds digit of 6461305?
3
What is the ten thousands digit of 58621?
5
What is the tens digit of 2608411?
1
What is the hundreds digit of 3990299?
2
What is the thousands digit of 20431793?
1
What is the thousands digit of 659374?
9
What is the hundreds digit of 1520148?
1
What is the ten thousands digit of 248108?
4
What is the units digit of 92613?
3
What is the thousands digit of 13041194?
1
What is the ten thousands digit of 5916966?
1
What is the hundreds digit of 442458?
4
What is the ten millions digit of 16564475?
1
What is the tens digit of 29364869?
6
What is the ten thousands digit 